0 = o*m - 26*m. What is the remainder when 26 is divided by m?
8
Let s be (74/(-3))/((-84)/(-126)). Let t be (-4)/(-8) + (-414)/(-4). Let z = t + s. What is the remainder when z is divided by 23?
21
Let y = 1937 - 1850. What is the remainder when 162 is divided by y?
75
Let w(l) = 36 + l + 5*l + 2*l - 7*l. Let q = 2 + -25. Calculate the remainder when 75 is divided by w(q).
10
Let l(m) = -11*m - 546. Let z(k) = 2*k**2 + 7*k - 1. Calculate the remainder when l(-54) is divided by z(-5).
6
Let z(y) = 37*y + 37. Let q be z(-1). Suppose n + 9*j - 4*j - 94 = q, 5*j = n - 54. What is the remainder when n is divided by 5?
4
Suppose 277*b = 40*b - 52501 + 154648. What is the remainder when b is divided by 196?
39
Let l = 321 - 209. Let v(z) = -z**3 - 11*z**2 - 12*z + 3. What is the remainder when l is divided by v(-10)?
20
Let x = -109 - -113. Suppose 4*y = 2*y + 414. Calculate the remainder when y is divided by (140/6)/(1*x/6).
32
What is the remainder when (-3 - -30) + -6 - -528 is divided by 16?
5
Suppose w + 18*v - 17*v - 34 = 0, -128 = -5*w + v. Calculate the remainder when 19977 is divided by w.
24
Let m(d) = 2*d**2 - 4*d - 9. Let f be m(-9). Suppose f = 9*l + 63. Calculate the remainder when 129 is divided by (-4)/((-8)/(-6)) + l.
8
Suppose 8*k - 1084 = -4*z + 9*k, -2*z = -k - 540. Suppose 4*t - 2*r = z, -r - 2*r = 6. Calculate the remainder when t is divided by (-67)/(-3) + (-4)/(-6).
21
Suppose -5 = 2*f - 33. Let m(c) = c**3 - 10*c**2 - 8*c - 25. Let p be m(11). Calculate the remainder when p/(-32) - (-202)/8 is divided by f.
11
Suppose 5*v - 3*o - 1035 = 0, -301 = -2*v + o + 113. Let j be 332/8*-2*1. Let y = j + v. Calculate the remainder when y is divided by 32.
28
Let z(r) = 60*r - 76. Let t be z(3). Suppose -9 = 3*a, g - 6*g - 2*a = -t. Calculate the remainder when 239 is divided by g.
19
Let i = 2281 - 2138. Let a(g) = 22*g**2 - 3*g - 2. Let c be a(-3). Let f = c - i. Calculate the remainder when f is divided by 32.
30
Let y(o) = 317*o + 700. What is the remainder when 427 is divided by y(-2)?
31
Suppose 8*s + 60 = 516. Suppose -s = -8*r + 15. What is the remainder when 22 is divided by r?
4
Let a = 1187 + -743. Suppose 23*s - 2422 = -a. Calculate the remainder when s is divided by 44.
42
Let z be (168/48)/((-1)/(-46)). Suppose -6*k - k = -z. Suppose 28 = -k*n + 25*n. What is the remainder when 26 is divided by n?
12
What is the remainder when ((-342)/63 - -6) + (-2235)/(-21) is divided by 24?
11
Let b = 1485 - 1450. Let g = 376 - -7. What is the remainder when g is divided by b?
33
Let l = 4725 + -4658. What is the remainder when 251 is divided by l?
50
Suppose -65*q + 1125 = -50*q. What is the remainder when 117 is divided by q?
42
Let t = -253 + 367. Suppose t*i = 121*i - 385. What is the remainder when i is divided by 8?
7
Let b = -5933 - -5976. What is the remainder when 840 is divided by b?
23
Suppose -3*l - 451 = z - 1177, z = -5*l + 712. What is the remainder when z is divided by 68?
67
Let d(r) = -2*r**2 + 23*r + 4. Let s be d(11). Let c(x) = s*x + 8 + 18*x - 3 - 4. Calculate the remainder when c(2) is divided by 35.
32
Let f = -9 + 16. Let d be 1538/3 - (-5)/(-3). Suppose -729 = -31*k + d. What is the remainder when k is divided by f?
5
Suppose -326*k + 316*k = -2470. Calculate the remainder when 1002 is divided by k.
14
Let r = -1613 - -1624. Calculate the remainder when 646 is divided by r.
8
Let x(j) = 2*j + 20. Let v be x(5). Suppose v = -2*r + 278. Suppose -3*h = -50 - 76. Calculate the remainder when r is divided by h.
40
Let d(k) = -k - 2*k - 2*k + 0*k**2 + k**2. Let q be d(5). Suppose 4*u - 80 = -5*r - q*r, 0 = -3*r + u + 65. Calculate the remainder when 95 is divided by r.
15
Suppose 0 = -4*a + 2*s + 218, -2*a + 8*s - 3*s = -113. Suppose 3*i - 5*n + 20 = a, 22 = i + n. Calculate the remainder when 75 is divided by i.
3
Suppose 2*t = -24*c - 2*c + 438, 2*c - 28 = -3*t. Calculate the remainder when 611 is divided by c.
16
Suppose -11*o = 80 + 30. Suppose n - 12 = -3*l, l - 2*l + 3*n = -14. What is the remainder when l is divided by o/(-6) - (-4)/12?
1
Let y be 6/(-2) - (3 - 0). Let p be 2 - (0 - y) - -12. Suppose -p = -l + 4*v - 2*v, 88 = 5*l + 2*v. What is the remainder when 28 is divided by l?
12
Suppose -j + 5*h = -68, -6*h - 136 = -2*j - 2*h. Suppose -55121*m - 1456 = -55166*m - 466. Calculate the remainder when j is divided by m.
2
Let o(z) = z**3 - 12*z**2 + 24*z - 13. Let w(n) = 34*n**2 - 6. Calculate the remainder when w(-2) is divided by o(10).
22
Let a = -13706 - -15492. Calculate the remainder when a is divided by 65.
31
Suppose 0 = 4771*l - 4774*l + 28 + 44. Let h be -3 + 7/((-14)/(-216)). Suppose j = p + 11, j - 6*j + h = 5*p. What is the remainder when l is divided by j?
8
Calculate the remainder when 354 is divided by (8*(-15)/600)/((-2)/(-445))*-2.
87
Let f(l) = -l**2 + 31*l - 211. Suppose -3*u - 5*b + 194 = 0, -3*b + 78 = u + 2*b. Calculate the remainder when u is divided by f(12).
7
Let y(a) = -902*a + 4223. Calculate the remainder when y(4) is divided by 347.
268
Let d(h) = h**2 + h - 3. Let c be d(5). Let w be 268/6 - 12/18. Let z = w - c. What is the remainder when 66 is divided by z?
15
Let v = -51 + 54. Suppose 5*a = v*g + g + 203, -5*g = -4*a + 166. Suppose 2*r - 3*k - a = 0, 57 = 3*r - k - 2*k. What is the remainder when 32 is divided by r?
14
Suppose -5*k = -128 + 118, -34 = -4*w + 5*k. Let m(b) = -b**3 + 9*b**2 - 9*b - 5. What is the remainder when m(7) is divided by w?
8
Let t = 523 - 360. Let a = t + -152. Calculate the remainder when 36 is divided by a.
3
Let i(y) = -11*y**2 + y**2 - 5*y - 10*y**2 + 43*y**2 - 14. Calculate the remainder when i(-2) is divided by 18.
16
Let g = 8327 + 177. Calculate the remainder when g is divided by 46.
40
Suppose -4*q = 4*w - 296, -40*w + 5*q - 148 = -42*w. Suppose 4*v - w = -v - f, 0 = -v + 4*f - 2. What is the remainder when 47 is divided by v?
5
Let l(q) = -9*q**3 + 18*q**2 + 4*q - 4. Calculate the remainder when 231 is divided by l(1).
6
Calculate the remainder when (128232/182)/9*(-217)/(-2) is divided by 72.
70
Suppose 5*f + 109 - 299 = 0. Calculate the remainder when f is divided by (63/(-45)*1)/((-3)/30).
10
Suppose 129 = l - 0*l. Suppose 173 = 5*h - 4*b, -h + 0*h = 8*b - 17. Calculate the remainder when l is divided by h.
30
Let t(c) = c**2 - 18*c. Let y be t(18). Suppose 4*s = -17 - 15. What is the remainder when 4/s*y - -13 is divided by 3?
1
Let z(w) = w**2 + 4*w - 13. Let j(r) = -2*r**2 - 41*r + 68. What is the remainder when z(-8) is divided by j(-22)?
1
Suppose 43*o + 181731 + 92673 = 95*o. What is the remainder when o is divided by 96?
93
Let b(p) = p + 51. Let o be b(-47). Suppose 70 = y + 3*t, -o*y + y = t - 210. Calculate the remainder when y is divided by 33.
4
Let g(o) = 17*o**2 + o - 9. Let u be g(-3). Suppose -12*p - u - 99 = 0. What is the remainder when 227/6 - p/120 is divided by 4?
2
Let d = 2354 - 2348. What is the remainder when 73 is divided by d?
1
Let p(c) be the first derivative of -35*c - 6*c**2 + 2 - 7/3*c**3 - 1/4*c**4. Calculate the remainder when 3 is divided by p(-6).
0
Let b(p) = p**2 + 21*p + 143. Suppose 9*a - 43 = -16. What is the remainder when b(-11) is divided by a?
0
Calculate the remainder when (11781/(-14))/(6/(-8)) + 9 is divided by 30.
21
Suppose -3*v = -4*d + 173 + 402, 2*d - 3*v - 295 = 0. Let j = d - 15. Calculate the remainder when j is divided by 32.
29
Suppose -517 + 181 = -8*g. Suppose -27*r + g = -21*r. Calculate the remainder when r is divided by 4.
3
Let m(g) = 6*g**3 + 30*g**2 - 47*g + 12. Calculate the remainder when m(-6) is divided by 16.
14
Let n(i) = -i**3 + 3*i**2 + 19*i - 45. Suppose -38 = -u - 11. Let p = u + -12. Calculate the remainder when p is divided by n(3).
3
Let w = 21038 - 21003. Calculate the remainder when 82 is divided by w.
12
Let d(g) = g**2 + 96*g - 346. Calculate the remainder when 1400 is divided by d(4).
50
Calculate the remainder when 485 is divided by (-41)/(-1107) + 13630/135.
81
Let a(i) = -i**3 + i**2 - i - 12. Let s be a(0). Let l = -7 - -13. Calculate the remainder when l is divided by (-3)/(-2) - (-5)/((-40)/s).
0
Let b = 618 + -459. What is the remainder when 1904 is divided by b?
155
Calculate the remainder when 445 is divided by (84/18)/14*(429 + 6).
10
Let